alculate the highest common factor of 69 and p.
23
Suppose 0 = -4*y + 5*c + 73163, 4*y + 15*c - 73169 = 14*c. What is the greatest common factor of 34 and y?
34
Let h be 3/((-4 - (-7983)/2025) + (-2)/(-25)). Calculate the greatest common factor of 1035 and h.
45
Suppose 3*d = -2*c + 1497, -768 = -d - c - 270. What is the highest common factor of d and 7181?
167
Let k = 26220 - 22740. Calculate the greatest common divisor of 192 and k.
24
Suppose 0 = -2*r + 4, 225*f = 226*f - 5*r - 2. Calculate the greatest common divisor of f and 2874.
6
Suppose 4*t + 145*t = 596. Suppose -f - 4*f + 15 = 0. Calculate the greatest common factor of f and t.
1
Suppose -21*j + 22*j - 5*y - 3790 = 0, 15202 = 4*j - 6*y. What is the greatest common factor of 5 and j?
5
Suppose 2565 = 6*k - 3*l, k + 185 = -4*l + 635. Calculate the highest common factor of 946 and k.
86
Let s = 476 - 468. Let h be 4/(-26) + (-216)/(-52). Suppose 0*t = -h*t + 48. What is the highest common divisor of t and s?
4
Let t(o) = 301*o + 315. Let f be t(-1). What is the highest common factor of f and 12607?
7
Let m be 20448/710*20/6. What is the greatest common factor of m and 160?
32
Let w = -65 - -63. Let q be -130 + (4 - 9/2)*w. Let x = q - -291. Calculate the highest common divisor of x and 18.
18
Let m = -108 - 92. Let h be (3/6)/((55/m)/(-11)). Calculate the greatest common divisor of h and 40.
20
Suppose 5*j - 62 = -12*s + 14*s, -3*j = s - 46. Calculate the greatest common factor of j and 46.
2
Let k be (-20)/8*56/105*-9. Calculate the greatest common divisor of 2892 and k.
12
Let v = -15 + 17. Let a be (v/(-4))/((-23)/(-6) - 4). Suppose -6*j + j = l - 125, 100 = 4*j + a*l. What is the greatest common divisor of j and 5?
5
Let u(v) = 6*v**2 - 26*v + 8. Let w be u(10). Suppose 28 - w = -4*n. What is the greatest common factor of 40 and n?
40
Let g be (-2 + -26)/4 + 2 + 3. Let j be (-227)/g - 6/(-4). Let y be 21 + (-3 - -5)/1. What is the highest common divisor of y and j?
23
Let m(f) = 4*f**2 - 2*f + 3. Let q be m(-4). Suppose -97*k + 1380 = -5*k. What is the highest common factor of q and k?
15
Let f(n) = n**2 + 2*n + 10. Let h be f(-7). Suppose 2*k + 2*j - 16 = 0, -4*k + 79 = -2*j + 65. What is the greatest common divisor of h and k?
5
Suppose -7*k - 19*k + 196 = -25*k. What is the greatest common factor of k and 36?
4
Suppose -3*u + 1197 = 2*r - 88, -5*u = r - 2144. What is the greatest common divisor of 156 and u?
39
Suppose -i + 4 = 2. Suppose 0 = 8*w - 4*w + 4*w. Suppose w = m - 4*g - 11, -4*m - g + 26 = g. Calculate the highest common divisor of i and m.
1
Let o be ((-1504)/32)/(4/(-144)). What is the greatest common divisor of 54 and o?
18
Let h(j) = j**3 + 18*j**2 + 27*j - 32. Let v be h(-16). What is the highest common factor of 1968 and v?
48
Let a(p) = -6*p - 138. Let i be a(-59). Calculate the highest common divisor of 270 and i.
54
Suppose -3*a - 2*j + 38 = -a, 3*a - j = 57. Suppose 3*b - 17 - 154 = 0. What is the highest common factor of b and a?
19
Let a(z) = -z**3 - 5*z**2 + 3*z + 3. Let w be a(-6). Let h = 2821 - 2786. What is the greatest common divisor of w and h?
7
Suppose 75*m = -26*m + 277548. Calculate the highest common divisor of m and 72.
12
Suppose -905*i + 906*i = 15. Let h be -4 + (-3)/((-9)/i) - -71. Suppose 27 = f + 2*f. Calculate the greatest common factor of f and h.
9
Let g = -2371 - -2491. Let f be (-2)/(-1) + 0 + 38. Calculate the greatest common factor of g and f.
40
Suppose 5*q = -2*j + 212, 2*q + 80 = j - 2*q. Suppose 582 = 4*r - 3*i, 153 = r - 0*r + 3*i. Let g = -135 + r. Calculate the highest common divisor of j and g.
12
Let b(t) = -t**3 - 42*t**2 + 36*t - 285. Let v be b(-43). Calculate the greatest common factor of v and 36.
4
Suppose 3*j - 115*z - 5396 = -111*z, j - 3*z = 1792. Calculate the greatest common divisor of 176 and j.
44
Let w = -1758 - -2619. Let i be 2/(-10) + -1 + w/5. What is the greatest common divisor of 114 and i?
57
Let v(x) = -x**3 + x**2 + 2*x. Let a be v(2). Let q(b) = -b + 30. Let c be q(a). Suppose -3*j + 20 = -j. Calculate the greatest common factor of c and j.
10
Let s = 518 + -520. Let l be s + (-66)/(-24) - (-2)/8. What is the highest common divisor of l and 45?
1
Let k = 53 - 28. Let o = -183331 + 183806. Calculate the highest common divisor of k and o.
25
Let r = 64 - 62. Suppose 0 = 6*b - 3*b - r*m - 1, 2*m - 17 = -3*b. Let a be (1/(-2))/(2/(-12)). What is the greatest common divisor of a and b?
3
Let y(v) = 105*v + 7074. Let n be y(-66). What is the greatest common factor of 344 and n?
8
Let c = -2209 - -2216. Let z(m) = -m**2 + 8*m + 10. Let d be z(9). What is the greatest common divisor of c and d?
1
Let n = -205 - -304. Let y(f) be the first derivative of f**3/3 - 27*f**2/2 - 17*f + 40. Let w be y(28). What is the greatest common factor of w and n?
11
Suppose 2*b - 40 = -6*b. Suppose 5*k - 4*k = b, 4*k = -4*g + 116. Let o(w) = -w**2 - 11*w - 15. Let c be o(-9). Calculate the highest common divisor of c and g.
3
Let u(c) = -c**3 + 17*c**2 - 13*c - 230. Let m be u(12). What is the highest common factor of m and 11857?
167
Suppose -17*k = -18*k - 3*b + 186, 2*k - 4*b = 392. What is the highest common factor of 39744 and k?
192
Let x(v) = -2*v**2 - 29*v - 83. Let n be x(-11). Let l(q) = -q**2 - 10*q - 15. Let b be l(n). What is the highest common factor of 123 and b?
3
Let z(f) = 2*f**2 + 2 + 13*f + 6 + 0*f**2 - 4*f**2. Let v be z(12). Let o = v + 256. Calculate the highest common factor of o and 12.
12
Let n be (-6)/(-18) + (-1172)/(-3). Suppose -6*q = n - 1681. What is the highest common factor of q and 43?
43
Suppose 52*q - 5*u - 12 = 48*q, -q = -5*u - 3. Calculate the greatest common factor of q and 91.
1
Suppose 0 = 3*f - 7*f - 12. Let z be (f - -38 - 0) + -1. What is the greatest common factor of 119 and z?
17
Suppose 74 + 26 = 4*g + 4*y, 5*y = 15. Let s be (-2)/(-12) + (-111)/18. Let l(c) = -41*c - 48. Let p be l(s). What is the highest common factor of g and p?
22
Suppose -6*a + 2806 = 286. Let h be (2/(-5)*1)/((-42)/a). What is the highest common divisor of 1 and h?
1
Suppose -8 = -3*w + 2*q, q + 14 = 5*w - 2*q. Suppose 3*i - 25 = -w*l + 39, -2*i - l + 36 = 0. What is the greatest common factor of i and 168?
8
Let b(o) = 19*o**3 - 23*o**2 + 24*o + 24. Let p be b(6). What is the highest common factor of p and 14?
14
Suppose 0 = m - 0*m - 10. Suppose 89 - 119 = -2*y. Suppose 41 = 14*g - y. What is the highest common factor of g and m?
2
Let g be 8 + 2*(0 + -1). Let i(j) = -2*j**3 - 22*j**2 + 10*j + 8. Let p be i(-12). Let f be (p/40 - 4)*10/4. Calculate the highest common divisor of f and g.
1
Let y(m) be the third derivative of 14*m**4/3 - 2*m**3/3 - 8*m**2 + 3. Let u be y(2). Calculate the greatest common divisor of u and 44.
44
Suppose -3*p + 4*b = -289, -5*b - 1 = 4. Suppose 32*l - 3*x = 36*l - 103, -2*x + 113 = 5*l. Calculate the greatest common divisor of l and p.
19
Suppose 2*h - h = -h. Suppose 5*t - 708 - 1238 = -4*b, h = -4*t - 2*b + 1558. What is the greatest common divisor of 30 and t?
30
Let u = -10311 + 24248. What is the highest common factor of u and 77?
77
Suppose 522 - 1045 = 23*a - 1650. Calculate the greatest common divisor of 231 and a.
7
Suppose 19*a + 593 - 764 = 0. Calculate the greatest common divisor of a and 3681.
9
Let s(c) = -323*c - 512. Let o be s(-4). What is the highest common divisor of 1365 and o?
195
Let u(i) = 54*i**2 - 320*i + 36. Let s be u(6). Calculate the highest common divisor of 2328 and s.
12
Suppose 53196 = -7274*o + 7287*o. Calculate the greatest common divisor of 594 and o.
66
Let o be -1 + (-14 - -1)*-3. Let b be 1328/(-249)*(22/8 - 2)*-19. What is the greatest common divisor of o and b?
38
Suppose -25*a + 39*a = -18*a + 3584. Suppose 0*h + 3*h = 0. Suppose p = -0*m - 5*m + 82, h = -4*m - p + 66. What is the highest common factor of m and a?
16
Let h(z) = 3*z**3 + 122*z**2 - 51*z - 353. Let a be h(-41). Calculate the greatest common factor of 1273 and a.
19
Let c be -460*((-6)/15 - 0). Suppose -c + 932 = 11*p. Suppose -148 = -5*l + 22. What is the greatest common factor of p and l?
34
Let v be (1 - (-181)/(-9))*(-990)/220. What is the highest common divisor of v and 22?
2
Let q be (88/(-11) - -3)*(-9380)/50. Let g be ((-12)/(-8))/((-3)/(-28)). What is t